0 - -8) + -21 - -7?
-6
What is 1 + 4 + (-9 - -6)?
2
What is the value of 5 + (3 - (4 + 0))?
4
5 - 7 - (-1 - (2 - 1))
0
Evaluate -1 + (20 - (1 - -10)).
8
What is 8 + -9 + -1 + 7?
5
10 - (-11 - (-13 + -6))
2
What is the value of (-1 - (4 + -1) - -2) + 4?
2
Calculate -8 - -10 - (1 + -3).
4
What is the value of 7 + 1 + (6 - 14)?
0
What is -1 + (4 - (-2 + 6 + -8))?
7
What is the value of -20 + 1 - -8 - -4?
-7
What is -4 + 0 - (-3 + -4)?
3
Evaluate (10 - 2 - 3) + (-3 - -4).
6
Calculate 12 + -23 - -4 - 0.
-7
What is -8 + 7 + -4 + 3?
-2
Evaluate -1 + 1 + -1 + 5.
4
Evaluate -1 - -3 - (7 - (-4 + 5)).
-4
Calculate 9 + (-4 - -2) - (16 + -11).
2
What is the value of 0 - 2 - (-2 - -2)?
-2
(-4 - -1) + (6 - (-2 - -3))
2
What is -5 - (-24 + 18 - (0 - -4))?
5
-16 + -1 + 2 - -2 - -2
-11
Evaluate -2 - (-1 - (10 - 0)).
9
What is the value of 0 - (-1 + (7 - 4) + 0)?
-2
Evaluate (1 + 2 - -3) + -2.
4
(-6 + 0 - 0) + -3 - -6
-3
Calculate 3 + -4 + -1 + 1.
-1
What is the value of -4 + (-13 - -22 - -2)?
7
What is 2 + -3 + 3 + 3?
5
What is -10 + 0 + (52 - 36)?
6
Calculate -9 - 3 - -9 - -6.
3
-6 - (-25 + 23 + 3 + 0)
-7
What is the value of 1 - 0 - 0 - (-10 + 14)?
-3
Calculate (5 + -3 - (-4 + 9)) + 3.
0
Evaluate 1 - (1 + 0 - (26 - 26)).
0
What is 3 + -9 + (-9 - -10)?
-5
Calculate 7 - 1 - (4 + -1).
3
18 - 12 - (2 - -4)
0
Calculate 3 + 5 + -1 + -5.
2
Calculate 0 - (2 + 6 + -5) - 0.
-3
Evaluate -8 + 17 + 4 + -10.
3
0 + 1 - -4 - (239 + -237)
3
What is -3 - (0 - 1) - (12 + -12)?
-2
-5 + (3 - -5) + (1 - -1)
5
Evaluate 5 + -4 - (2 + -3).
2
1 - (-6 + (-9 - -6 - -4))
6
34 + -20 + -1 + -7
6
-5 + 6 - (0 + -4 + 1)
4
What is -3 + 3 - -5 - -1 - 1?
5
Calculate 3 - ((-3 - 2) + 6 - 5).
7
(4 - 2 - 3 - 3) + 9
5
-7 - (3 - 4) - (2 + -7)
-1
What is 1 + 1 + -8 + (1 - -2)?
-3
What is the value of (1 - (0 - 4)) + -1?
4
11 + 0 - (86 + -68)
-7
Calculate 2 - (-1 + (-2 - -1 - -8)).
-4
What is the value of 0 + 3 + -3 + -7 + 4?
-3
5 - 1 - (-3 + 19 + -16)
4
Evaluate 0 - (-1 + -2 + 8 - 2).
-3
What is 0 - -11 - -4 - (0 - -6)?
9
Calculate -3 + (-4 - (-9 + 5)) + -3.
-6
Evaluate -9 - (7 + -23 - -9).
-2
Calculate 4 - (2 + 1 - -2) - 4.
-5
What is 2 - ((-4 - 3) + 3) - 3?
3
Evaluate 13 + -12 + -2 + -2.
-3
Calculate -3 - (1 - 3) - (3 + -10).
6
What is 1 + (0 + -1 - (-15 + 19))?
-4
Calculate -6 - (-1 + -6 + -3).
4
What is 6 + -3 + 3 + (-29 - -24)?
1
Evaluate 5 + (-2 - 6) + -3.
-6
What is the value of -3 + -2 + 8 + 12 + -8?
7
What is -6 + -6 - (-2 + -3) - -2?
-5
Evaluate -2 + (0 - 0 - (-6 + 10)).
-6
What is 2 + -1 - (-8 - -6) - -1?
4
What is the value of (0 - -4) + -7 + -2 + 2?
-3
Evaluate 4 - (-4 + 10 + -9).
7
Calculate 3 - (-6 - -11 - 1).
-1
What is the value of 2 + 1 + (-8 - -9) - 4?
0
2 - (-8 + -2 + (6 - -1))
5
Evaluate -1 - -1 - (-4 - (-3 - -3)).
4
What is the value of (0 + 2 - 3) + 15 + -11?
3
Evaluate 9 - (3 - (5 - 4)) - 1.
6
-4 - ((2 - 4) + 0 + 0)
-2
What is -11 + 14 + -9 + 6 + -1?
-1
-1 - (8 + -1 - (-1 - -6))
-3
Calculate 0 + (7 - (6 + -4)).
5
4 + -1 + -4 + 4
3
What is the value of -7 - -5 - (1 - 4) - -1?
2
Calculate 3 + (5 + -8 - (0 - 1)).
1
Evaluate 3 + (-3 - (-2 - -4)).
-2
What is -2 + 11 + -5 + -1?
3
Evaluate -18 - -13 - (-3 + -3).
1
What is the value of 5 + (-5 - 0) - -6?
6
4 - (1 - -3 - -5) - -1
-4
What is the value of (52 - 66) + (-1 - -4)?
-11
What is the value of -2 + -5 + 3 + 11?
7
Calculate 4 + (-2 - 3) - (3 - 5).
1
(-8 - -5) + 6 - (-2 - -9)
-4
Evaluate 1 + (-8 + -1 - -3).
-5
Evaluate -14 + 4 - 1 - -20.
9
Calculate (-18 - -17) + -4 + -4 + 5.
-4
Evaluate -14 - (-9 - 6) - -6.
7
Evaluate -8 - -3 - 10 - -10.
-5
What is the value of -1 + ((2 - 0) + 1 - 4)?
-2
Calculate -10 + 3 + -2 + 6 + -4.
-7
1 - (3 - -8 - 1)
-9
Evaluate 17 + (2 - -2 - 14).
7
What is the value of (-14 - (2 - 2)) + (55 - 52)?
-11
Calculate -5 + (-3 - (3 + -9)) + -1.
-3
What is the value of (-1 - -5) + -16 + 17?
5
What is the value of -1 + (-4 - -6) - -2?
3
What is 7 - (4 + 3 + -4)?
4
What is 36 - 27 - (0 + 5)?
4
What is 1 + (0 + 4 - 0)?
5
Calculate -1 + 0 + 2 - -5.
6
What is (-1 - 1) + 8 + -3?
3
What is the value of -3 + (5 - 5) - -7?
4
What is the value of -1 + -1 - (-22 + 16)?
4
-7 - (2 + -14 + 8)
-3
What is (-4 - (7 - 14)) + -8?
-5
(8 - 5) + 4 + -2
5
What is (0 - (2 + -1)) + 0?
-1
Evaluate 0 + -2 + 3 - (0 - 1).
2
Calculate 2 + (-8 - -3 - -1).
-2
What is 0 + 4 + 0 + -5?
-1
-5 + 3 + -3 - 0
-5
What is 0 + (-3 - (-1 - 3)) + 4?
5
Calculate (4 - 3) + -3 - (5 + -4).
-3
What is the value of 4 - (3 - 4) - 4?
1
(-7 - -14) + (1 - 7)
1
What is -16 - -18 - (-2 - 1)?
5
(5 - (0 + -1)) + -5
1
What is the value of -3 + (-3 - -3) + 0?
-3
Evaluate (5 - (3 + (3 - 5))) + -3.
1
What is the value of (-7 - (3 - 1) - -4) + 1?
-4
What is the value of -7 + 2 + 10 + 0?
5
Calculate -15 + (30 - 25) + 5 + -1.
-6
Evaluate (2 - -1 - 0) + -10 + 2.
-5
What is (-12 - -9) + -2 - (-13 - 2)?
10
What is the value of -12 + 10 - (-3 + -1 + -2)?
4
Evaluate -4 + 2 + -1 - 1.
-4
What is (1 - (-1 - -2)) + -3?
-3
Evaluate -9 - (2 - 5) - (1 + -5).
-2
What is the value of (2 - 1 - (-1 - -5)) + 4?
1
(14 - 16) + -2 + (2 - -1)
-1
Evaluate (8 - 12) + 3 + -4.
-5
What is the value of 5 - (7 + -7 - -6) - -4?
3
-6 - (-3 + 1) - -5
1
Calculate -2 + 2 + 5 - (-2 + 3).
4
Calculate 10 + -6 + (-6 - -1).
-1
What is (6 - 0) + (-12 - -4 - -7)?
5
What is the value of -12 + 0 + (8 - -1)?
-3
What is the value of -2 + (-18 - -16) + -1 + 0?
-5
Calculate 3 + 1 + 1 + -1.
4
What is the value of 18 - (6 + -2 + 8)?
6
What is the value of (2 + 1 - (4 - 1)) + 2?
2
Evaluate 1 + -9 - (-130 - -128).
-6
What is the value of 2 + (-3 - -5 - -1)?
5
Evaluate (-46 - -49) + (5 - -1).
9
Evaluate ((6 - -9) + -7 - 6) + -10.
-8
7 - (8 - 2 - 6)
7
Evaluate 12 + -1 + -6 + -4.
1
(-6 - -10) + (-1 - 5)
-2
9 + (-4 + (3 - -3) - 21)
-10
What is the value of -2 + (4 - ((3 - 1) + -4))?
4
(8 - (6 + -1)) + -2
1
Calculate -26 - -22 - (-1 - 1).
-2
What is the value of -3 + 9 + (-3 - (2 - 4))?
5
What is the value of -2 - 0 - -4 - (1 - 1)?
2
-4 + (-4 - (1 - 1 - 5))
-3
Evaluate -3 - (-9 + 12) - -7.
1
-9 + 13 + (-8 - -2)
-2
Calculate 34 + -29 + (1 - 1).
5
Evaluate 4 - ((-1 - -10) + -2).
-3
7 + -11 + 2 - (-1 + -1)
0
What is the value of -3 - (-2 + -1 + -6 + 7)?
-1
What is 24 + -7 + (-7 - 2)?
8
Calculate (-7 - 1) + (12 - 7 - 1).
-4
What is -2 - (4 + 3 - 16)?
7
Calculate 42 + -35 + (-2 - -1).
6
9 + -2 + -7 + 1 + -2
-1
What is the value of 3 + -7 + (11 - 7)?
0
Evaluate -1 + -4 - (2 - (11 - 0)).
4
What is the value of -5 + 3 - ((5 - 2) + 0)?
-5
What is the value of 5 - (5 - 2) - (-3 - -9)?
-4
Evaluate -4 + (17 + -9 - 1).
3
Evaluate 0 - (-2 - (-3 + 0)).
-1
What is the value of (-2 - 2) + 5 + (-6 - 0)?
-5
What is the value of -12 - (-4 + -4) - (1 + -4)?
-1
Evaluate -1 - 4 - (-15 - -6).
4
Calculate 2 + (2 - 5 - 0 - -1).
0
What is the value of 4 - (-2 + 5 + -5)?
6
Calculate (2 - (4 + 1)) + 7 - 10.
-6
What is the value of 5 + -6 + 5 + -7?
-3
What is -1 + 2 + 0 + (-21 - -19)?
-1
Calculate 4 + 4 + -3 + -5.
0
4 + -9 + 2 + 6
3
What is 16 + (-2 - 7) + -8?
-1
What is the value of -9 - -2 - (-17 - -13)?
-3
What is the value of 1 + -5 - (-17 + 18)?
-5
Evaluate (13 - (4 - 0)) + (-2 - -1).
8
What is the value of 9 - 17 - -4 - -8?
4
Evaluate 2 + (4 - (0 - (0 + -6))).
0
Calculate (-6 - 0) + -31 + 38.
1
What is the value of -3 + -1 + 2 + 7 + 0?
5
(0 - (-2 - -4)) + (-15 - -18)
1
What is -7 + 5 + (-6 - -3) - -13?
8
Evaluate -6 - -5 - (1 - (-2 + 5)).
1
What is 3 + (-6 - -2 - -5)?
4
What is the value of 50 + -49 - (1 + -2 + -1)?
3
What is the value of (-1 - 6 - 1) + 3 - -4?
-1
2 + (-3 - (3 + 1))
-5
What is the value of (-4 - (1 - -4)) + 5?
-4
Evaluate -1 + -7 + -4 + 4 + 2.
-6
-4 - ((2 - 13) + 4)
3
What is the value of -1 - (6 - 8) - 4?
-3
What is the value of 3 - ((3 - (2 - 1)) + -1)?
2
Calculate 1 + (-3 - 2) + 0 - -1.
-3
Calculate 2 - -5 - (11 + -5).
1
-1 + 0 - (17 - 20)
2
Evaluate -2 - -2 - (-10 + (6 - 1)).
5
What is -6 - (-14 + 16 - (5 - 1))?
-4
What is the value of 16 - (8 + -1) - 14?
-5
What is the value of (9 - 10) + 0 + 6 + -1?
4
What is 5 - (0 + -3 + (4 - 1))?
5
What is -4 - (3 - (3 + 8) - -4)?
0
Calculate -2 + 9 + -10 + 5.
2
-2 - 0 - (-3 + 3) - -7
5
-3 + 2 + -4 + -3 + 3
-5
What is the value of -2 + 2 + (-1 + 1 - -3)?
3
What is 7 + (4 - 10) + 3?
4
What is the value of 1 - (-12 - (0 + (1 - 6)))?
8
What is the value of 3 + (-1 - -2 - 5)?
-1
What is the value 